ided by 3208840?
52
What is the remainder when 1359546 is divided by 6504?
210
What is the remainder when 1696606 is divided by 153?
142
What is the remainder when 26548831 is divided by 17?
16
Calculate the remainder when 804323 is divided by 73117.
36
What is the remainder when 14198509 is divided by 2418?
13
What is the remainder when 99998 is divided by 603?
503
What is the remainder when 2008045 is divided by 58?
27
What is the remainder when 138271 is divided by 3500?
1771
What is the remainder when 120329 is divided by 40044?
197
Calculate the remainder when 323921 is divided by 323911.
10
Calculate the remainder when 395964 is divided by 4261.
3952
What is the remainder when 814819 is divided by 32592?
19
What is the remainder when 18002 is divided by 4455?
182
Calculate the remainder when 107038 is divided by 595.
533
What is the remainder when 56245 is divided by 5606?
185
Calculate the remainder when 15330941 is divided by 154856.
197
Calculate the remainder when 4916920 is divided by 213779.
3
Calculate the remainder when 29782593 is divided by 1234.
3
Calculate the remainder when 83022 is divided by 1813.
1437
Calculate the remainder when 887926 is divided by 68.
50
Calculate the remainder when 1937736 is divided by 103.
100
Calculate the remainder when 3664670 is divided by 732928.
30
What is the remainder when 7742717 is divided by 274?
25
What is the remainder when 305038 is divided by 27722?
96
What is the remainder when 17425386 is divided by 219?
213
What is the remainder when 13938 is divided by 13754?
184
Calculate the remainder when 380193 is divided by 380092.
101
What is the remainder when 462295 is divided by 247?
158
What is the remainder when 89412 is divided by 1461?
291
Calculate the remainder when 31665643 is divided by 3763.
3761
Calculate the remainder when 13012237 is divided by 16.
13
Calculate the remainder when 2206835 is divided by 33.
26
What is the remainder when 248293 is divided by 2299?
1
What is the remainder when 5526496 is divided by 153?
136
What is the remainder when 2149548 is divided by 542?
518
What is the remainder when 6764420 is divided by 84551?
340
What is the remainder when 272634 is divided by 11?
10
Calculate the remainder when 556110 is divided by 138920.
430
Calculate the remainder when 88638 is divided by 632.
158
Calculate the remainder when 10804929 is divided by 116182.
3
Calculate the remainder when 2269986 is divided by 1000.
986
Calculate the remainder when 22475187 is divided by 8752.
51
What is the remainder when 103964873 is divided by 80?
73
Calculate the remainder when 47216 is divided by 46017.
1199
Calculate the remainder when 4665366 is divided by 50710.
46
Calculate the remainder when 705089 is divided by 9.
2
What is the remainder when 193146 is divided by 68?
26
Calculate the remainder when 905294 is divided by 226321.
10
Calculate the remainder when 8084210 is divided by 23569.
43
What is the remainder when 4912657 is divided by 59188?
53
What is the remainder when 21881148 is divided by 5241?
5214
What is the remainder when 8085042 is divided by 50?
42
Calculate the remainder when 1488648 is divided by 31013.
24
Calculate the remainder when 7984428 is divided by 270.
258
What is the remainder when 5504459 is divided by 5504414?
45
What is the remainder when 6102667 is divided by 31295?
142
Calculate the remainder when 8120812 is divided by 1849.
4
What is the remainder when 158302405 is divided by 577746?
1
Calculate the remainder when 81498 is divided by 2319.
333
What is the remainder when 17412 is divided by 3582?
3084
What is the remainder when 233389011 is divided by 167?
165
Calculate the remainder when 9745759 is divided by 74395.
14
What is the remainder when 4909276 is divided by 17?
16
What is the remainder when 220253 is divided by 1819?
154
What is the remainder when 70485616 is divided by 1412?
1400
What is the remainder when 496208586 is divided by 367?
364
Calculate the remainder when 2989541 is divided by 110.
71
Calculate the remainder when 873376 is divided by 295.
176
Calculate the remainder when 6489 is divided by 6396.
93
Calculate the remainder when 16867780 is divided by 455883.
109
What is the remainder when 116524187 is divided by 374?
373
What is the remainder when 36740 is divided by 35972?
768
What is the remainder when 98307 is divided by 8595?
3762
What is the remainder when 2508199 is divided by 26969?
82
What is the remainder when 482373 is divided by 482365?
8
What is the remainder when 47668644 is divided by 331?
10
What is the remainder when 23672003 is divided by 81?
77
What is the remainder when 851006 is divided by 50056?
54
Calculate the remainder when 44056 is divided by 14040.
1936
What is the remainder when 30651581 is divided by 410?
391
What is the remainder when 11776403 is divided by 981366?
11
Calculate the remainder when 136596462 is divided by 16.
14
Calculate the remainder when 830087 is divided by 118574.
69
Calculate the remainder when 35700 is divided by 7105.
175
What is the remainder when 198776941 is divided by 452?
449
Calculate the remainder when 1725837 is divided by 7161.
36
What is the remainder when 364717 is divided by 7290?
217
Calculate the remainder when 25138 is divided by 12380.
378
Calculate the remainder when 15233 is divided by 3566.
969
Calculate the remainder when 20960750 is divided by 30.
20
Calculate the remainder when 85525949 is divided by 19.
14
Calculate the remainder when 7660255 is divided by 1094313.
64
What is the remainder when 848813 is divided by 438?
407
What is the remainder when 11285 is divided by 1845?
215
Calculate the remainder when 1357688 is divided by 38791.
3
What is the remainder when 6612535 is divided by 66?
61
What is the remainder when 175735630 is divided by 87867815?
0
What is the remainder when 1602070 is divided by 80101?
50
What is the remainder when 163098 is divided by 18?
0
Calculate the remainder when 4740395 is divided by 91.
23
Calculate the remainder when 67081 is divided by 957.
91
Calculate the remainder when 3096298 is divided by 83682.
64
What is the remainder when 588818 is divided by 30989?
27
What is the remainder when 1216575 is divided by 10?
5
What is the remainder when 2518116 is divided by 1258999?
118
What is the remainder when 12606026 is divided by 1172?
1166
Calculate the remainder when 1815522 is divided by 363099.
27
Calculate the remainder when 34651181 is divided by 30.
11
Calculate the remainder when 773290 is divided by 135.
10
Calculate the remainder when 15920 is divided by 491.
208
Calculate the remainder when 206337 is divided by 1394.
25
Calculate the remainder when 11152766 is divided by 514.
508
What is the remainder when 20271617 is divided by 10135800?
17
Calculate the remainder when 5047454 is divided by 433.
406
What is the remainder when 1536126 is divided by 1518?
1428
Calculate the remainder when 240216247 is divided by 30.
7
Calculate the remainder when 102411012 is divided by 15.
12
What is the remainder when 7426381 is divided by 75?
31
Calculate the remainder when 521992 is divided by 402.
196
Calculate the remainder when 3503063 is divided by 9099.
9047
Calculate the remainder when 527932 is divided by 21992.
124
Calculate the remainder when 2623553 is divided by 50450.
153
What is the remainder when 125245 is divided by 4969?
1020
Calculate the remainder when 588004 is divided by 2625.
4
What is the remainder when 5228457 is divided by 1234?
1233
Calculate the remainder when 9066574 is divided by 3022188.
10
What is the remainder when 88171712 is divided by 2449214?
8
What is the remainder when 1180453 is divided by 590220?
13
What is the remainder when 5640967 is divided by 350?
17
Calculate the remainder when 4905 is divided by 4580.
325
What is the remainder when 411783749 is divided by 1050?
1049
Calculate the remainder when 42827207 is divided by 4908.
4907
What is the remainder when 1889195 is divided by 5?
0
What is the remainder when 36046 is divided by 48?
46
What is the remainder when 1318052 is divided by 14976?
164
What is the remainder when 7893970 is divided by 6724?
6718
What is the remainder when 1288194 is divided by 228?
222
Calculate the remainder when 129817 is divided by 9911.
974
What